emainder when w is divided by k/6*(-116)/2?
26
Let p = -547 + 923. Calculate the remainder when p is divided by 63.
61
Let a(f) = -f**2 + 3*f + 4. Let x be a(4). Calculate the remainder when -4 + x - -22 - 1 is divided by 5.
2
Let v(m) = 8*m**2 + m - 17. Calculate the remainder when v(-6) is divided by 17.
10
Let y = -1007 + 1009. Calculate the remainder when 17 is divided by y.
1
Let g = 17 + -12. Suppose -g*i = -0 - 25. Let k = -2 + i. Calculate the remainder when 4 is divided by k.
1
Suppose -3*g = -2*g + 3. Suppose 59*q - 150 = 54*q. Calculate the remainder when q is divided by 1*(-3)/(g/11).
8
Let k = 1105 + -1104. What is the remainder when 35 is divided by k?
0
Suppose 75 = 5*x + 2*c + 14, 0 = 2*x - 5*c - 36. Suppose -12 = 3*f - 24, -5*b - 5*f = -270. What is the remainder when b is divided by x?
11
Suppose -32 = 4*u + 20. Let n(d) = -2*d**2 - 32*d - 15. Calculate the remainder when n(u) is divided by 16.
15
Suppose 4*h + h = -y + 101, 0 = -5*y - 2*h + 505. What is the remainder when y is divided by 21?
17
What is the remainder when 43 is divided by -10*7/(-70) - -21?
21
Let p = -82 - -310. Calculate the remainder when p is divided by 71.
15
Let z = -177 + 196. Let m = 33 + 3. Calculate the remainder when m is divided by z.
17
Suppose -7*m = -m - 150. Suppose -27*u + m*u = -56. Calculate the remainder when u is divided by 29/2 + (-1)/(-2).
13
Suppose -2*k + 71 = -5*l, -2*l + 38 + 78 = 3*k. What is the remainder when 97 is divided by k?
21
Let n(v) = 3*v**3 + v**2 - v + 1. Let k be n(1). Suppose -5*t = -64 - 91. What is the remainder when t is divided by (0 - k)*(-10 - -8)?
7
Suppose -2*l + 108 = 4*l. Let m(y) = -26*y - 2. Calculate the remainder when m(-2) is divided by l.
14
Let v be 29/5 + (-13)/(-65). Suppose 0 = 9*w + v*w - 285. Let n(u) = u**3 - 2*u**2 - 2*u + 2. What is the remainder when w is divided by n(3)?
4
Suppose -6*d = 6*d - 744. What is the remainder when d is divided by 29?
4
Suppose 5*l = 3*v - 57, -l + 15 = 4*l. Calculate the remainder when 47 is divided by v.
23
Suppose -5*q - 276 = -5*f - 91, 77 = 2*f - 5*q. Suppose 7526 = 506*k - 435*k. Calculate the remainder when k is divided by f.
34
Let n be (1 - -1)*(-68)/(-8). What is the remainder when (-15)/6*(-1 + -13) is divided by (-3 - n/(-5))*30?
11
What is the remainder when 97 is divided by (-8 - (1 - 8)) + 8?
6
Let w = 586 - 550. Suppose -2*u = -2*x + 352, 3*x + u = -3*u + 542. Calculate the remainder when x is divided by w.
34
Let a = 1918 - 1882. Let j(k) = 36*k**2 - k + 1. What is the remainder when j(2) is divided by a?
35
Let r = 1743 + -1722. Calculate the remainder when 31 is divided by r.
10
Let a = 12 - 1. Suppose -2*o + 2*g + 100 = -0*o, 4*g - 25 = -o. Calculate the remainder when a is divided by o/6 + (-5)/10.
4
Let w = 349 - 330. What is the remainder when w is divided by 4?
3
Suppose 3*q + 35 = 2*d + 10, -3*q = -4*d + 59. Let u(w) = -4*w + 0*w + 4 + 3*w + 51. What is the remainder when u(23) is divided by d?
15
Suppose -g = 3*w - 168, g - 10 - 156 = -2*w. What is the remainder when g is divided by 86?
76
Let h be ((-3)/2)/((-6)/8). Let c = 37 + -45. Calculate the remainder when 17 is divided by h/8 + (-46)/c.
5
Suppose -2*r + 375 - 335 = 0. Calculate the remainder when 176 is divided by r.
16
What is the remainder when ((-95)/(-5))/(6/84) is divided by 54?
50
Suppose 9*k = 7*k + 52. What is the remainder when 57 is divided by k?
5
Let w(m) = -52*m - 4. Suppose 0*z = 2*z - 4*y - 30, 2*y + 66 = 4*z. What is the remainder when w(-1) is divided by z?
14
Suppose -3*g + 456 = 3*g. What is the remainder when g is divided by 20?
16
Suppose 0 = 5*j - 308 - 57. Let i(h) = -12*h - 11. What is the remainder when j is divided by i(-3)?
23
Calculate the remainder when 83 is divided by 135/5 - (-2)/(-2).
5
Suppose 3*c = -c + 544. Let i = -55 + 60. Suppose q + c = i*q. What is the remainder when q is divided by 9?
7
Suppose -6*i - 487 = -175. Let j = 65 + i. Calculate the remainder when 103 is divided by j.
12
Let i = -2111 - -2291. Calculate the remainder when i is divided by 26.
24
Let j(q) = -q**2 - 8*q - 9. Let p be j(-7). Let b(c) = -c**2 + c + 12. What is the remainder when 4 + 4*p + 48 is divided by b(0)?
8
Let k = -32 + -33. Let i = 69 + k. Calculate the remainder when 5 is divided by i.
1
Suppose -o = -b + 5, 2*b - 5*o = 4*b - 38. Calculate the remainder when 1 + (4 - -1) + 920/20 is divided by b.
7
Suppose 5*i - 144 = z, -4*i + 9*i - 120 = -5*z. Calculate the remainder when 138 is divided by i.
26
Let a(h) be the first derivative of -h**4/4 + 2*h**3/3 + h**2 - 3*h + 3. Let k be a(3). Let y = k - -8. Calculate the remainder when 3 is divided by y.
1
Suppose 0 = -2*o - 5*x + 68, -2*x + 33 = 2*o - 23. Calculate the remainder when 1149 is divided by o.
21
Suppose 3*r = -5*i + 125, 0 = -4*i - 3*r + 41 + 62. Let c = i - 5. Let k(o) = 3*o**2 + 2*o + 1. Calculate the remainder when k(-5) is divided by c.
15
Suppose y + 5*t = 52, -2*y + 2*t + 57 = 1. Calculate the remainder when 156 is divided by y.
28
Suppose 5*j = 521 - 81. Calculate the remainder when 439 is divided by j.
87
Let n(c) = -c**2 + 27*c - 64. Calculate the remainder when 66 is divided by n(3).
2
Suppose 6*l = 23 + 7. Suppose 20 = -4*t, 4*t + 100 = l*a + 7*t. Calculate the remainder when 67 is divided by a.
21
Suppose -6*l + 79 = -53. Let y be (-8 - 2)/(4/(-48)). Calculate the remainder when (24/5)/(9/y) is divided by l.
20
Suppose y - 34 - 25 = 0. Calculate the remainder when y is divided by 25.
9
Let j = 1 - -4. Suppose -j*w + 4 = 34. What is the remainder when (2/w)/((-12)/396) is divided by 7?
4
Suppose -4*r - 3*a + 10 = -18, 2*a - 4 = r. Let p(n) = n**2 + 2*n + 7. What is the remainder when 90 is divided by p(r)?
28
Suppose 2*l = -a + 67, a - 9 + 12 = 0. What is the remainder when 1572 is divided by l?
32
Suppose -5*z - 193 = -3*j, z - 6*z + 51 = j. Calculate the remainder when j is divided by 160/2*(-14)/(-35).
29
Calculate the remainder when 7 - (-6726)/42 - 1/7 is divided by 22.
13
Let b = -14 - -26. Suppose 57 - 7 = 5*q. Suppose -5*o - 40 = -q*o. What is the remainder when b is divided by o?
4
Let a = -3 - 1. Let j be (a - -1 - -5) + 1. Suppose 108 = j*z - 0*z - 2*y, 0 = -4*z + 4*y + 140. What is the remainder when z is divided by 13?
12
Let f be -2*(-5 - (-186)/(-12)). Suppose 5*v = 49 + f. Calculate the remainder when 51 is divided by v.
15
Let r(f) = -6*f - 72. Calculate the remainder when 125 is divided by r(-19).
41
Suppose 2*y - 490 = -3*y. Suppose -4*h - 14 = 3*a - 125, 0 = -3*h + 5*a + 134. Calculate the remainder when y is divided by h.
32
Suppose 2*g - 101 = -y, 0*y + 4*g + 392 = 4*y. Suppose -y = -2*n + 19. Suppose 0 = -5*f + 6 + 94. Calculate the remainder when n is divided by f.
19
Let z = 16 - 12. Suppose -z*f = -5*f + 12. Suppose m = -5 + 26. Calculate the remainder when m is divided by f.
9
Let j = 49 + -47. Suppose j = 2*s - 2*g, s + 2*g - 21 + 5 = 0. Calculate the remainder when 14 is divided by s.
2
Calculate the remainder when 3/((-42)/(-1652)) + 4 is divided by 34.
20
Let u = 12 - 6. Suppose -u*m = 3*m. Suppose 5*a - 6*s - 51 = -2*s, -s - 4 = m. Calculate the remainder when a is divided by 5.
2
Suppose -l + 61 = 4*d - 2*l, d = 3*l + 18. Suppose 0 = 2*m - m - d. Calculate the remainder when 40 is divided by m.
10
Suppose 5*t = -5*v - 5, 2*t = -4*v - 6 - 4. Calculate the remainder when 86 is divided by t.
2
Let p = 232 - 166. What is the remainder when 126 is divided by p?
60
Suppose 0 = -4*s + 8, 6*p - s - 78 = 2*p. Calculate the remainder when 96 is divided by p.
16
Let s(m) = -m - 4. Let l(v) = v**3 + 8*v**2 + 2*v - 17. What is the remainder when l(-7) is divided by s(-9)?
3
Let d(u) = -u**3 - 13*u**2 + 11*u + 39. Suppose 0*x - 68 = -4*x. What is the remainder when d(-14) is divided by x?
13
Let v be 6 - 3 - 10/2. Let j be 4/(5*v/(-5)). What is the remainder when 18 is divided by (j - 2)/1 + 5?
3
Let i = 1774 + -1738. What is the remainder when 179 is divided by i?
35
Let i = 1043 + -521. What is the remainder when i is divided by 35?
32
Suppose -30*f - 16 = -38*f. Suppose 3*h - 3*y + 258 = 6*h, -f*h + y = -163. Calculate the remainder when h is divided by -2*(-2)/4*21.
20
Let i = 121 + -127. Let g(w) = 4 + 7 - 4*w**2 + 2*w + 5*w**2. What is the remainder when g(i) is d